) - w(r). Calculate n(-5).
-2
Suppose -3*i + 15 = -3*s, 4*s = -4*i - s + 20. Suppose 8*a + 6 = i*a. Let d(c) be the second derivative of -c**4/12 - c**3/2 - 3*c**2/2 + c. What is d(a)?
-1
Suppose 0*c = 3*c + 4*g + 20, g + 5 = 2*c. Suppose -d + 1 = -2*k, c = -d + 4*k + 1 - 4. Let m(y) = -y**2 + 3*y + 3. Determine m(d).
-7
Let h(o) = 5*o - 6. Let t = 23 + -19. Calculate h(t).
14
Let j(m) be the second derivative of -m**4/12 + 7*m**3/6 - 9*m**2/2 - 2*m. What is j(6)?
-3
Let u(q) = -5*q**2 - q - 7. Let w(f) = -f**2 + f - 1. Let p(i) = u(i) - 6*w(i). Determine p(5).
-11
Let c(r) = -r**2 - 3*r + 7. Let g(p) = p**2 + 2*p - 7. Let q(u) = 3*c(u) + 2*g(u). Give q(-5).
7
Suppose 0 - 44 = -4*h + 5*d, -4*h - 3*d = -12. Let t = -10 + h. Let r(i) = i + 3. Give r(t).
-1
Let x(a) be the second derivative of a**4/12 - 2*a**3/3 + a**2 + a. Let u = -7 + 9. Give x(u).
-2
Let u(p) = -39 - p**2 + 0*p**2 + 40. Let r be 10/6 + 4/(-6). What is u(r)?
0
Let b(n) = -n**3 - 4*n**2 + 2*n + 4. Let o(l) = l + 6. Suppose 28 = -2*j - j - 4*z, j - 3*z + 5 = 0. Let h be o(j). Let t be (-264)/60 - h/5. What is b(t)?
-4
Let p(q) = q**3 - 4*q**2 + 5*q - 4. Let j be p(3). Let b(y) = 0*y**2 + 0 - y**2 - 3*y + j. Give b(-4).
-2
Let w(i) = -3*i + 2. Let n = 20 - 15. Suppose -f + 20 = -n*f. Give w(f).
17
Suppose 3*h + 5 = u - 0, 4*h + 6 = u. Suppose u*d = 5*d. Let j(f) = f - 1. What is j(d)?
-1
Suppose 0 = 2*t + t - w - 1, 0 = 3*t + 5*w + 23. Let s(l) = -1. Let v(j) = j**3 + j**2 - j - 6. Let i(f) = t*s(f) - v(f). Determine i(0).
7
Let k(w) = w**2 - 4*w + 5. Let u = -18 + 22. What is k(u)?
5
Let m(k) = -2*k + 1. Let l be m(-2). Let n(o) = o**2 - 6*o + 7. Let b be n(6). Suppose -2*y + l = -b*y. Let z(f) = 3*f + 1. Calculate z(y).
-2
Suppose y + 0*u = -u - 8, -u = 0. Let x = 7 + y. Let z = 2 + x. Let g(d) = -4*d - 1. What is g(z)?
-5
Let n(r) = -r + 7. Let v be (-6)/15 - (-6)/15. Calculate n(v).
7
Let d(p) = p - 8. Let a be (-3 + 3)*(-3 - -2). Let o = 6 - a. Determine d(o).
-2
Let w(s) = -9*s**2 - 2*s - 10. Let b(q) = -5*q**2 - q - 5. Let l(f) = -7*b(f) + 4*w(f). Calculate l(0).
-5
Let t(n) = -n - 3. Let d(z) = 1. Let j(m) = -7*d(m) - 3*t(m). Give j(-3).
-7
Let a(c) = -c**2 - 12*c - 4. Let j be a(-12). Let i(d) = 7*d**3 - 3*d**2 - 4. Let l(b) = -8*b**3 + 4*b**2 - b + 4. Let k(w) = 7*i(w) + 6*l(w). Determine k(j).
4
Let v(u) = 6*u**2 + 4. Let c(t) = -7*t**2 - 5. Let k(r) = -5*c(r) - 6*v(r). Let h be (-2 + 0)*(-4 - -5). Calculate k(h).
-3
Let y(a) = -a - 10. Suppose 7*z = 3*z + z. Determine y(z).
-10
Let y be 29/9 - ((-16)/(-9))/8. Let z(r) be the first derivative of 0*r**2 - 5/3*r**3 + y*r + 3 - 1/4*r**4. What is z(-5)?
3
Let g = 8 - 5. Let r(t) = -t**3 - 1 + 3 + 5*t**2 - g - 4*t. Suppose -3*z + 8 = -z. Give r(z).
-1
Let q(c) = 17*c + 23. Let o(l) = 6*l + 8. Let z(y) = -8*o(y) + 3*q(y). Calculate z(-5).
-10
Let j be ((-4)/(-10))/((-5)/100). Let o = j - -3. Let r(p) be the first derivative of -p**3/3 - 2*p**2 - p + 1. Determine r(o).
-6
Let g(s) = -s + 1. Let y be (-6)/(1/((-4)/2)). Let z = y + -7. What is g(z)?
-4
Let g(n) = 1. Suppose -4*h + 6 = -2, -4*r = -5*h + 14. Let m(z) = -z**2 + z - 3. Let d(a) = r*m(a) - 4*g(a). Give d(2).
1
Let z(i) = -4*i + i**3 + 5*i**2 - 3*i**3 + i**3 + 3. Let w be 8/6*(1 - -2). Calculate z(w).
3
Let k = 6 + -3. Suppose 0*o - 13 = 5*w + k*o, -24 = 4*w - o. Let f(p) = p + 9. What is f(w)?
4
Suppose -4*g - 2 = 2. Let u be ((-4)/6)/(g/(-3)). Let z(q) = -q**2 + 3*q + 3. Calculate z(u).
-7
Let r(i) = -2*i**2 - i + 7. Let p(t) = t**2 + t - 5. Let h(c) = -7*p(c) - 5*r(c). Let v be 2*6/(-4)*1. Let l be (-20)/(-16) - v/4. Determine h(l).
8
Let b be 188/20 + 9/15. Suppose -2*k + b = -0*k. Let u(n) = n - 1. What is u(k)?
4
Let p be 10/4 - (-9)/6. Suppose p*h + 5*l = -7, 12 = -2*h - 3*h - 3*l. Let t(x) = -x**3 - 3*x**2 - 3*x - 2. Calculate t(h).
7
Suppose w + 0*j - 4*j = -5, j = -5*w - 25. Let q = w + 14. Let c = q - 5. Let a(u) = -u + 5. Determine a(c).
1
Let s = -9 - -13. Suppose s*t + 0 = 12. Suppose l + 3*b = -8, t*l + 4*b = 2*b - 17. Let f(u) = u**2 + 3*u + 2. What is f(l)?
12
Suppose -5*k + p = 14, 5*k + 3*p = 2*p - 16. Let t(h) be the first derivative of -h**3/3 - h**2 - 2*h - 2. Determine t(k).
-5
Suppose 6*f + 3 = 3*f. Let j(v) = 2*v + 1. Determine j(f).
-1
Suppose 5*w = -x - 4*x - 5, -4*w - 2 = 3*x. Let c be x - 12/(-3) - 1. Let y(z) = 10*z - 1. Determine y(c).
9
Let g(w) be the first derivative of -w**6/360 - w**5/24 - w**4/24 + 2*w**3/3 + 3. Let f(r) be the third derivative of g(r). Determine f(-4).
3
Let w = -10 + 14. Let y(a) = -w*a**3 - 3 + 3*a**3 + 6*a**2 - a - 4*a + 6. What is y(5)?
3
Let p(d) = 11*d**2 - 21*d - 8. Let j(i) = -5*i**2 + 10*i + 4. Let v(u) = -13*j(u) - 6*p(u). What is v(-3)?
-1
Let r be (-1)/(3 - 20/6). Let x(v) = 2*v**2 - 4*v - 1. Let d be x(r). Let b(c) = -c**2 + 7*c - 7. Determine b(d).
3
Let l(g) = -g**2 - 1. Let b(t) = 2*t**2 + 5*t + 2. Let f be (-6)/(-4)*10/(-15). Let k = -1 - 2. Let s(a) = f*b(a) + k*l(a). Give s(4).
-3
Let o(p) = 1 + 0*p + 0*p + 5*p**3 - p**2 - 14*p**3. Let r(m) = -m**3 + 4*m**2 - 3*m + 4. Let s be r(3). Let h be 8/(-12)*(-6)/s. Calculate o(h).
-9
Suppose -5*x + 4*f + 25 = 0, 0 = -3*x + 5*f + 26 + 2. Let o(v) = -5*v**2 - 7*v + 6. Let u(s) = -s + 1. Let r(q) = -o(q) + 5*u(q). Give r(x).
6
Suppose 0*r - r + 2*p - 8 = 0, -3*r - p = -11. Let f(q) = q + 1 + r + 0*q - 4*q. Calculate f(3).
-6
Let z be ((-4)/3)/(6/9). Let j = -2 + z. Let s(p) = p**3 + 3*p**2 - 4*p + 1. What is s(j)?
1
Suppose 0 = 5*u - 2 - 48. Let f(y) = -y + 7. Let r be f(u). Let m be 0/(2/(-1 - r)). Let t(s) = s**2 + s + 4. What is t(m)?
4
Let b be 0 + -1*2 - -5. Suppose 3*m - 3*n = 21, 0 = 5*n + b + 7. Let z(x) = 2*x - 1. What is z(m)?
9
Let h be -6*2/(-8)*2. Suppose -4*j - 9 + 1 = -h*b, 5*b + 3*j = -6. Let n(l) = -3*l**2 + 2*l**2 + 3*l + b*l**2. Give n(4).
-4
Suppose -27 = 3*k - 0. Let t = k + 5. Let u(m) = m**3 + 3*m**2 + 6*m - 2. Let c(z) = -z**3 - 3*z**2 - 5*z + 2. Let d(n) = t*u(n) - 5*c(n). What is d(-3)?
-5
Suppose 13*j + 27 - 1 = 0. Let d(g) = -3*g**2 - 2. Calculate d(j).
-14
Let p(c) = -1. Let j(l) = l - 1. Let n(z) = -8*z + 17. Let v(y) = -6*j(y) - n(y). Let k(i) = 2*p(i) - v(i). Determine k(6).
-3
Let o(k) be the third derivative of k**6/360 + k**5/20 + k**4/8 + k**3/2 + 2*k**2. Let s(n) be the first derivative of o(n). What is s(-4)?
-5
Let p(i) = -i + 5. Let g(b) = -8*b + 5. Let a(f) = 7*f - 5. Let w(o) = 6*a(o) + 5*g(o). Let x(s) = -4*p(s) - 3*w(s). Calculate x(-6).
7
Let d be 0/(3/3) - -2. Suppose -4 = d*y - 0. Let o(s) = s**2 - s - 1. Calculate o(y).
5
Let f(n) be the second derivative of n**5/20 + 7*n**4/12 + 5*n**3/3 + 7*n**2/2 + n. Let q(l) = -l**2 + 20*l - 57. Let x be q(3). What is f(x)?
-17
Let z(r) be the first derivative of r**3/3 - 7*r**2/2 + 3*r - 21. Give z(7).
3
Suppose 3*g - 2 - 4 = 0. Let s(u) = -1 - g*u + 1. Let h = -1 - 0. What is s(h)?
2
Suppose 4*i + 5 = i - p, -i = -4*p + 19. Let g(m) be the second derivative of -m**4/12 - m**3/6 + 2*m**2 - 2*m. What is g(i)?
-2
Let r(k) = k - 76 + 152 - 80. Give r(-7).
-11
Let b(d) = -d**2 - 5*d - 1. Let h be b(-3). Let i(g) = g**3 - 3*g**2 - 7*g + 2. Calculate i(h).
17
Suppose 6*t + 15 = 3*t. Let l(y) = -y + 1. What is l(t)?
6
Let s(v) = v**3 + 1. Let k(g) be the first derivative of -5*g**4/4 - 4*g**3/3 - g**2 - 9*g - 4. Let f(q) = k(q) + 6*s(q). What is f(4)?
-11
Let i = -2 - -5. Let t(h) = 3*h - 4*h**2 + h**3 + h + h - 4. Determine t(i).
2
Let c(l) be the first derivative of -l**3/3 + 7*l**2/2 - 4*l + 5. What is c(6)?
2
Suppose -4*w + 12 = 0, -6*x - 2*w = -x - 31. Let b = 0 + x. Let s(q) = b + 0*q + 1 - 2*q**2 + 1 + 6*q. Calculate s(5).
-13
Let m(u) = u - 11. Let a be m(15). Let v(w) = -1 + a*w + 4 + 2 - 5*w. Determine v(0).
5
Let j(u) be the third derivative of -1/6*u**3 + 1/8*u**4 + 0 + 0*u - 5*u**2. What is j(4)?
11
Let j(x) = 3*x**2 + 8 + 19*x - 11*x - 2*x**2. Determine j(-8).
8
Let z(w) = w**2 + 1. Let t(i) = 2*i**2 - 8*i - 2. Let o(u) = -t(u) + 3*z(u). Calculate o(-5).
-10
Let w(z) be the first derivative of -z**6/120 + z**5/12 + 5*z**4/24 - z**3/2 - 7*z**2/2 - 10. Let h(i) be the second derivative of w(i). Give h(6).
-9
Let m(i) = 1 + 9*i**2 + i**3 - 1 + 8*i - 2. Give m(-8).
-2
Let o(p) = -p**3 + 7*p**2 - 7*p + 6. Let w be o(6). Let r(u) = -11*u + 17. Let v(b) = 7*b - 11.